{"id":1833,"date":"2022-04-27T09:47:43","date_gmt":"2022-04-27T09:47:43","guid":{"rendered":"https:\/\/mandilla.hu\/?page_id=1833"},"modified":"2025-06-11T06:36:29","modified_gmt":"2025-06-11T06:36:29","slug":"vendegtajekoztato","status":"publish","type":"page","link":"https:\/\/mandilla.hu\/index.php\/vendegtajekoztato\/","title":{"rendered":"Vend\u00e9gt\u00e1j\u00e9koztat\u00f3"},"content":{"rendered":"<p>[vc_row][vc_column][vc_column_text]<\/p>\n<h1 style=\"text-align: center;\">VEND\u00c9GT\u00c1J\u00c9KOZTAT\u00d3<\/h1>\n<p>[\/vc_column_text]<div style=\"background-color:; height: 30px;\" class=\"nicdark_section  \"><\/div>[vc_column_text]<\/p>\n<h4>Kedves Vend\u00e9g\u00fcnk!<\/h4>\n<p>[\/vc_column_text]<div style=\"background-color:; height: 15px;\" class=\"nicdark_section  \"><\/div>[vc_column_text]B\u00edzunk benne, hogy ez a Vend\u00e9gt\u00e1j\u00e9koztat\u00f3nk hasznos inform\u00e1ci\u00f3kkal szolg\u00e1l \u00d6nnek a panzi\u00f3nk \u00e1ltal ny\u00fajtott szolg\u00e1ltat\u00e1sokr\u00f3l. Ha b\u00e1rmilyen k\u00e9rd\u00e9se mer\u00fcl fel, k\u00e9rj\u00fck, forduljon hozz\u00e1nk bizalommal!<\/p>\n<p>K\u00e9szs\u00e9ggel \u00e1llunk rendelkez\u00e9s\u00e9re, hogy a n\u00e1lunk t\u00f6lt\u00f6tt id\u0151 val\u00f3ban \u00f6nfeledt lehessen.[\/vc_column_text]<div style=\"background-color:; height: 30px;\" class=\"nicdark_section  \"><\/div>[vc_column_text]<\/p>\n<hr \/>\n<p>[\/vc_column_text]<div style=\"background-color:; height: 30px;\" class=\"nicdark_section  \"><\/div>[vc_column_text]<\/p>\n<ul style=\"color: #242424;\">\n<li><b>Aj\u00e1nd\u00e9kutalv\u00e1ny<\/b>\u00a0&#8211; K\u00e9r\u00e9sre aj\u00e1nd\u00e9kutalv\u00e1ny v\u00e1s\u00e1rolhat\u00f3. B\u0151vebb t\u00e1j\u00e9koztat\u00e1s\u00e9rt forduljon a recepci\u00f3hoz.<\/li>\n<li><b>\u00c1gynem\u0171<\/b> \u2013 Koll\u00e9g\u00e1ink az \u00e1gynem\u0171cser\u00e9t minden harmadik napon v\u00e9gzik, k\u00e9r\u00e9sre \u00e1gynem\u0171j\u00e9t naponta cser\u00e9lj\u00fck. K\u00e9rj\u00fck, seg\u00edtse, hogy panzi\u00f3nk k\u00f6rnyezetk\u00edm\u00e9l\u0151 m\u00f3don \u00fczemelhessen, \u00e9s akkor k\u00e9rjen cser\u00e9t, ha sz\u00fcks\u00e9ges! Ig\u00e9ny\u00e9t jelezze a recepci\u00f3n vagy a szobaasszonyokn\u00e1l.<\/li>\n<li><b>Bej\u00e1rat \u2013 <\/b>Kulcsk\u00e1rty\u00e1j\u00e1val napi 24 \u00f3r\u00e1ban szabad bej\u00e1r\u00e1st biztos\u00edtunk Vend\u00e9gek sz\u00e1m\u00e1ra a Mandilla ter\u00fclet\u00e9re.<\/li>\n<li><b>Bejelentkez\u00e9s<\/b> \u2013 A szob\u00e1t 15:00-20:00 k\u00f6z\u00f6tt lehet elfoglalni. Kor\u00e1bbi \u00e9rkez\u00e9s eset\u00e9n a csomagt\u00e1rol\u00e1s a\u00a0panzi\u00f3 csomagszob\u00e1j\u00e1ban megoldhat\u00f3.<\/li>\n<li><b>Betegs\u00e9g<\/b> \u2013 Eg\u00e9szs\u00e9g\u00fcgyi probl\u00e9m\u00e1k eset\u00e9n a recepci\u00f3n tud orvosi seg\u00edts\u00e9get k\u00e9rni. L\u00e1zm\u00e9r\u0151 \u00e9s sebtapasz ugyancsak a recepci\u00f3n ig\u00e9nyelhet\u0151.<\/li>\n<li><b>Biztons\u00e1gi rendszer<\/b> \u2013 Panzi\u00f3nk egyes pontjain vide\u00f3 megfigyel\u0151 \u00e9s r\u00f6gz\u00edt\u0151 rendszer m\u0171k\u00f6dik.<\/li>\n<li><b>Cip\u0151\u00e1pol\u00f3 eszk\u00f6z\u00f6k<\/b> \u2013 Cip\u0151\u00e1pol\u00f3 eszk\u00f6zt k\u00e9r\u00e9sre biztos\u00edtunk, k\u00e9rj\u00fck, forduljon a recepci\u00f3hoz.\u00a0Minden szob\u00e1ban cip\u0151kan\u00e1l \u00e9s cip\u0151tiszt\u00edt\u00f3 ruha tal\u00e1lhat\u00f3.<\/li>\n<li><b>Csomagsz\u00e1ll\u00edt\u00e1s<\/b> \u2013 Csomagsz\u00e1ll\u00edt\u00e1st d\u00edjmentesen biztos\u00edtunk, ig\u00e9ny\u00e9t k\u00e9rj\u00fck, jelezze a Recepci\u00f3n.<\/li>\n<li><b>Csomagt\u00e1rol\u00e1s<\/b> \u2013 Korai \u00e9rkez\u00e9skor\/k\u00e9s\u0151i kijelentkez\u00e9skor Vend\u00e9geink csomagj\u00e1t a szoba elfoglal\u00e1s\u00e1ig\/elutaz\u00e1sig t\u00e9r\u00edt\u00e9smentesen helyezz\u00fck el a recepci\u00f3n.<\/li>\n<li><b>Doh\u00e1nyz\u00e1s:<\/b> A panzi\u00f3\u00a0teljes ter\u00fclete nemdoh\u00e1nyz\u00f3.<\/li>\n<li><b>Elektromos csatlakoz\u00e1s<\/b> \u2013 Az \u00e9p\u00fcletben mindenhol 220V\/50Hz v\u00e1ltakoz\u00f3 fesz\u00fclts\u00e9g (AC) \u00e9rhet\u0151 el. M\u00e1sfajta fesz\u00fclts\u00e9ghez val\u00f3 adapter a recepci\u00f3n ig\u00e9nyelhet\u0151.<\/li>\n<li><b>Elutaz\u00e1s\/kijelentkez\u00e9s:<\/b> A szob\u00e1k az elutaz\u00e1s napj\u00e1n 11 \u00f3r\u00e1ig \u00e1llnak rendelkez\u00e9sre \u00e9s szolg\u00e1ltat\u00e1sainkat is addig lehet ig\u00e9nybe venni.<\/li>\n<li><b>\u00c9tterem<\/b> \u2013 Nyitva tart\u00e1si id\u0151: 12:00-22:00<br \/>\nSpeci\u00e1lis \u00e9tkez\u00e9si ig\u00e9ny\u00fcket, k\u00e9r\u00e9seiket, k\u00e9rj\u00fck, hogy el\u0151re egyeztess\u00e9k a pinc\u00e9r koll\u00e9g\u00e1inkkal.<\/li>\n<li><b>Fizet\u00e9si m\u00f3dok<\/b> \u2013 Panzi\u00f3nkban k\u00e9szp\u00e9nzzel (HUF, EUR), bank- \u00e9s hitelk\u00e1rty\u00e1val (VISA, AMEX, Maestro, Mastercard), Sz\u00e9chenyi Pihen\u0151 k\u00e1rty\u00e1val \u00e9s a sz\u00e1ll\u00e1shely \u00e1ltal kibocs\u00e1jtott aj\u00e1nd\u00e9kutalv\u00e1nnyal fizethet.<\/li>\n<li><b>F\u00fcrd\u0151k\u00f6nt\u00f6s<\/b> \u2013 Minden szob\u00e1ban biztos\u00edtunk 1-1 f\u00fcrd\u0151k\u00f6nt\u00f6st. Ha cser\u00e9re lenne sz\u00fcks\u00e9g\u00fck a recepci\u00f3n esetleg a szobaasszonyokn\u00e1l tudj\u00e1k ig\u00e9ny\u00fcket jelezni.<\/li>\n<li><b>Gy\u00f3gyszert\u00e1r \u2013 <\/b>A nyitva tart\u00e1s \u00e9s az \u00fcgyeletes gy\u00f3gyszert\u00e1r fel\u0151l, k\u00e9rj\u00fck, \u00e9rdekl\u0151dj\u00f6n a recepci\u00f3n.<\/li>\n<li><b>Hajsz\u00e1r\u00edt\u00f3<\/b> \u2013 A szob\u00e1hoz tartoz\u00f3 f\u00fcrd\u0151szob\u00e1ban \u00e1ll rendelkez\u00e9s\u00e9re.<\/li>\n<li><b>Irodai szolg\u00e1ltat\u00e1sok<\/b> \u2013\u00a0F\u00e9nym\u00e1sol\u00e1s, nyomtat\u00e1s, szkennel\u00e9s ter\u00edt\u00e9s ellen\u00e9ben ig\u00e9nybe vehet\u0151 a panzi\u00f3nk recepci\u00f3j\u00e1n.<\/li>\n<li><b>Karbantart\u00e1s<\/b> \u2013 Amennyiben jav\u00edt\u00e1sra szorul\u00f3, s\u00e9r\u00fclt, m\u0171k\u00f6d\u00e9sk\u00e9ptelen, vagy nem megfelel\u0151en m\u0171k\u00f6d\u0151 eszk\u00f6zzel, berendez\u00e9ssel tal\u00e1lkozik a panzi\u00f3nkban, k\u00e9rj\u00fck, jelezze a recepci\u00f3n.<\/li>\n<li><b>Ker\u00e9kp\u00e1r, elektromos ker\u00e9kp\u00e1r:<\/b> K\u00f6lcs\u00f6nz\u00e9si lehet\u0151s\u00e9g t\u00e9r\u00edt\u00e9s ellen\u00e9ben lehets\u00e9ges. Ig\u00e9ny\u00e9t k\u00e9rj\u00fck, jelezze a recepci\u00f3n!<\/li>\n<li><b>K\u00f6zleked\u00e9s<\/b>\u00a0\u2013 <a href=\"https:\/\/menetrendek.hu\">www.menetrendek.hu<\/a><\/li>\n<li><b>L\u00e9gkondicion\u00e1l\u00e1s<\/b> \u2013 A szob\u00e1k \u00e9s a k\u00f6z\u00f6ss\u00e9gi terek is l\u00e9gkondicion\u00e1ltak. Ny\u00e1ron, nagy melegben eg\u00e9szs\u00e9g\u00fcgyi okb\u00f3l nem javasoljuk a kinti h\u0151m\u00e9rs\u00e9kletn\u00e9l 6\u00b0C-kal alacsonyabb h\u0151m\u00e9rs\u00e9klet be\u00e1ll\u00edt\u00e1s\u00e1t.<\/li>\n<li><b>Medence<\/b> \u2013 1 k\u00fclt\u00e9ri medenc\u00e9vel v\u00e1rjuk a felfriss\u00fclni v\u00e1gy\u00f3 kedves Vend\u00e9geinket. A k\u00fclt\u00e9ri medenc\u00e9k szezon\u00e1lisan \u00fczemelnek.<\/li>\n<li><b>M\u00fazeumok, gal\u00e9ri\u00e1k<\/b> \u2013 Vonz\u00e1sk\u00f6rzet\u00fcnkben sz\u00e1mos m\u00fazeum \u00e9s gal\u00e9ria v\u00e1rja l\u00e1togat\u00f3kat. B\u0151vebb inform\u00e1ci\u00f3t tal\u00e1l a recepci\u00f3n.<\/li>\n<li><b>Panaszok, \u00e9szrev\u00e9telek<\/b> \u2013 Ha b\u00e1rmivel kapcsolatban panasza, \u00e9szrev\u00e9tele van itt tart\u00f3zkod\u00e1sa idej\u00e9n, k\u00e9rj\u00fck, jelezze a recepci\u00f3n vagy az adott ter\u00fclet vezet\u0151j\u00e9n\u00e9l!<\/li>\n<li><b>Papucs<\/b> \u2013 Minden szob\u00e1ban van extra t\u00f6r\u00f6lk\u00f6z\u0151 \u00e9s papucs egy strandt\u00e1sk\u00e1ban, indul\u00e1sra k\u00e9szen a medenc\u00e9hez.<\/li>\n<li><b>Parkol\u00e1s<\/b> \u2013 A ki- \u00e9s bepakol\u00e1s idej\u00e9re lehet\u0151s\u00e9g van a panzi\u00f3 f\u0151bej\u00e1rata el\u0151tt szem\u00e9lyg\u00e9pkocsival meg\u00e1llni. Ezt k\u00f6vet\u0151en Sz\u00e1ll\u00f3vend\u00e9geink r\u00e9sz\u00e9re az \u00e9p\u00fclet el\u0151tt elhaladva, majd balra fordulva a Boz\u00f3t utc\u00e1ban, kb. 150 m\u00e9terre a Mandill\u00e1t\u00f3l, biztos\u00edtunk parkol\u00e1si lehet\u0151s\u00e9get.<\/li>\n<li><b>P\u00e1rna<\/b> \u2013 Ig\u00e9ny eset\u00e9n, k\u00e9rj\u00fck, jelezze a Recepci\u00f3n tartal\u00e9k p\u00e1rn\u00e1ra vagy allerg\u00e9n p\u00e1rn\u00e1ra vonatkoz\u00f3 k\u00e9r\u00e9s\u00e9t.<\/li>\n<li><b>P\u00e9nzv\u00e1lt\u00e1s<\/b> \u2013 Nincs p\u00e9nzv\u00e1lt\u00e1si lehet\u0151s\u00e9g.<\/li>\n<li><b>Piperecikkek<\/b> \u2013 Fogkef\u00e9t, fogkr\u00e9met, illetve mini borotv\u00e1t is tal\u00e1l a szob\u00e1hoz tartoz\u00f3 f\u00fcrd\u0151ben.<\/li>\n<li><b>P\u00f3t\u00e1gy<\/b> \u2013 Pr\u00e9mium plus \u00e9s Deluxe plus szob\u00e1inkban tal\u00e1lhat\u00f3 1-1 p\u00f3t\u00e1gy.<\/li>\n<li><b>Programok<\/b> \u2013 Programokr\u00f3l, esem\u00e9nyekr\u0151l \u00e9rdekl\u0151dhet a Recepci\u00f3n.<\/li>\n<li><b>Recepci\u00f3<\/b><b>\u00a0\u2013<\/b> 08:00-20 \u00f3r\u00e1s recepci\u00f3szolg\u00e1lat \u00e1ll Vend\u00e9geink rendelkez\u00e9s\u00e9re. Vesz\u00e9ly eset\u00e9n h\u00edvhat\u00f3 telefonsz\u00e1m: 06 30 942 0678<\/li>\n<li><b>Reggeli<\/b> \u2013 A exkluz\u00edv pezsg\u0151s sv\u00e9dasztalos reggeli ig\u00e9nybev\u00e9tel\u00e9re \u00c9tterm\u00fcnkben van lehet\u0151s\u00e9g\u00a0minden nap 8:00-10:00 k\u00f6z\u00f6tt.<\/li>\n<li><b>R\u00e1di\u00f3<\/b> \u2013 Helyi r\u00e1di\u00f3\u00e1llom\u00e1sok foghat\u00f3ak a panzi\u00f3ban elhelyezett r\u00e1di\u00f3 k\u00e9sz\u00fcl\u00e9keken.<\/li>\n<li><b>Ruh\u00e1zat<\/b> \u2013 K\u00e9rj\u00fck kedves Vend\u00e9geinket, hogy az \u00e9ttermet megfelel\u0151 \u00f6lt\u00f6z\u00e9kben l\u00e1togass\u00e1k, \u00edgy mell\u0151zz\u00e9k a szabadid\u0151ruha, r\u00f6vidnadr\u00e1g \u00e9s a f\u00fcrd\u0151k\u00f6peny visel\u00e9s\u00e9t.<\/li>\n<li><b>Szauna <\/b>&#8211; Fel\u00e1r ellen\u00e9ben k\u00e9rhet\u0151.<\/li>\n<li><b>Sz\u00e9f<\/b> \u2013 A szob\u00e1ban, a szekr\u00e9nyben szobai sz\u00e9f tal\u00e1lhat\u00f3. Haszn\u00e1lati le\u00edr\u00e1st a sz\u00e9fre helyezve tal\u00e1l. Probl\u00e9ma eset\u00e9n h\u00edvja a Recepci\u00f3t!<\/li>\n<li><b>Szobak\u00e1rtya<\/b> \u2013 A recepci\u00f3n \u00e9rkez\u00e9skor kapott szobak\u00e1rty\u00e1val tudja nyitni a szoba ajtaj\u00e1t, a komplexum bej\u00e1rati kapuj\u00e1t \u00e9s egyes emeletekre vezet\u0151 bej\u00e1rati ajt\u00f3kat. A k\u00e1rtya utaz\u00e1s napj\u00e1n 11:00-ig \u00e9rv\u00e9nyes. A k\u00e1rtya inform\u00e1ci\u00f3hordoz\u00f3 is, \u00edgy elveszt\u00e9s\u00e9t k\u00e9rj\u00fck, azonnal jelezze a recepci\u00f3n!<\/li>\n<li><b>Takar\u00edt\u00e1s<\/b> \u2013 M\u00e1sodik \u00e9jszaka ut\u00e1n k\u00e9r\u00e9sre. Extra k\u00e9r\u00e9s eset\u00e9n forduljon a szobaasszonyokhoz vagy a recepci\u00f3hoz.<\/li>\n<li><b>Takar\u00f3k<\/b> \u2013 K\u00fcl\u00f6n ig\u00e9ny eset\u00e9n h\u00edvja a recepci\u00f3t.<\/li>\n<li><b>Tal\u00e1lt t\u00e1rgyak<\/b> \u2013 A tal\u00e1lt\/elvesztett t\u00e1rgyakkal kapcsolatban \u00e9rdekl\u0151dj\u00f6n a recepci\u00f3n.<\/li>\n<li><b>Taxi<\/b> \u2013 Forduljon a recepci\u00f3hoz.<\/li>\n<li><b>Telev\u00edzi\u00f3<\/b> \u2013 TV-programokr\u00f3l a telev\u00edzi\u00f3s rendszeren tal\u00e1l inform\u00e1ci\u00f3t.<\/li>\n<li><b>T\u00e9rk\u00e9p<\/b> \u2013 A k\u00f6rny\u00e9kr\u0151l t\u00e9rk\u00e9pek a recepci\u00f3n \u00e1ll rendelkez\u00e9sre.<\/li>\n<li><b>Tiszt\u00e1lkod\u00e1si szerek<\/b> \u2013 A f\u00fcrd\u0151szob\u00e1kban a zuhanyz\u00f3kn\u00e1l elhelyezett adagol\u00f3 samponk\u00e9nt \u00e9s tusf\u00fcrd\u0151k\u00e9nt egyar\u00e1nt haszn\u00e1latos kozmetikumot tartalmaz. Vattakorong, f\u00fcltiszt\u00edt\u00f3 p\u00e1lca, kozmetikai pap\u00edrkend\u0151 \u00e9s zuhanysapka szint\u00e9n a f\u00fcrd\u0151szobai bek\u00e9sz\u00edt\u00e9s tartalma.<\/li>\n<li><b>T\u00f6r\u00f6lk\u00f6z\u0151<\/b> \u2013 Feh\u00e9r, szobai t\u00f6r\u00f6lk\u00f6z\u0151k: a szobai t\u00f6r\u00f6lk\u00f6z\u0151ket a harmadik nap cser\u00e9lj\u00fck. A t\u00f6r\u00f6lk\u00f6z\u0151 napi cser\u00e9j\u00e9re is lehet\u0151s\u00e9g van, amennyiben haszn\u00e1lat ut\u00e1n egy\u00e9rtelm\u0171en (a t\u00f6r\u00f6lk\u00f6z\u0151t a f\u00f6ldre dobva) jelzi. K\u00e9rj\u00fck, seg\u00edtse, hogy sz\u00e1ll\u00e1shely\u00fcnk k\u00f6rnyezetk\u00edm\u00e9l\u0151 m\u00f3don \u00fczemelhessen, csak akkor k\u00e9rjen cser\u00e9t, ha sz\u00fcks\u00e9ges!<\/li>\n<li><b>T\u0171z \u00e9s v\u00e9szhelyzet<\/b> \u2013 K\u00e9rj\u00fck, olvassa el a \u201eT\u0171zv\u00e9delmi szab\u00e1lyok\u201d fejezetet; t\u0171z \u00e9s v\u00e9szhelyzet eset\u00e9n az abban le\u00edrtak szerint cselekedjen! A szoba bej\u00e1rati ajtaj\u00e1nak bels\u0151 oldal\u00e1n tal\u00e1lhat\u00f3 a menek\u00fcl\u00e9si \u00fatvonal. K\u00e9rj\u00fck, t\u0171z \u00e9s v\u00e9szhelyzet eset\u00e9n k\u00f6vess\u00e9k a megjel\u00f6lt menek\u00fcl\u00e9si \u00fatvonalat.<\/li>\n<li><b>Varr\u00f3k\u00e9szlet<\/b> \u2013 Varr\u00f3k\u00e9szlet minden szob\u00e1ban tal\u00e1lhat\u00f3.<\/li>\n<li><b>Vend\u00e9gk\u00e9rd\u0151\u00edv<\/b> \u2013 V\u00e9lem\u00e9ny\u00e9t megoszthatja a Recepci\u00f3n el\u00e9rhet\u0151 vend\u00e9gk\u00e9rd\u0151\u00edven, illetve t\u00e1voz\u00e1st k\u00f6vet\u0151en k\u00fcld\u00f6tt online vend\u00e9gk\u00e9rd\u0151\u00edv\u00fcnk\u00f6n.<\/li>\n<li><b>WIFI: <\/b>Ingyenes, vezet\u00e9k n\u00e9lk\u00fcli internet- haszn\u00e1lat el\u00e9rhet\u0151 a sz\u00e1ll\u00e1shely\u00fcnk\u00f6n.<br \/>\nH\u00e1l\u00f3zat: Mandilla \/ Jelsz\u00f3: Koveskal<\/li>\n<\/ul>\n<p>[\/vc_column_text]<div style=\"background-color:; height: 30px;\" class=\"nicdark_section  \"><\/div>[\/vc_column][\/vc_row]<\/p>\n","protected":false},"excerpt":{"rendered":"<p>[vc_row][vc_column][vc_column_text] VEND\u00c9GT\u00c1J\u00c9KOZTAT\u00d3 [\/vc_column_text][vc_column_text] Kedves Vend\u00e9g\u00fcnk! [\/vc_column_text][vc_column_text]B\u00edzunk benne, hogy ez a Vend\u00e9gt\u00e1j\u00e9koztat\u00f3nk hasznos inform\u00e1ci\u00f3kkal szolg\u00e1l \u00d6nnek a panzi\u00f3nk \u00e1ltal ny\u00fajtott szolg\u00e1ltat\u00e1sokr\u00f3l. Ha b\u00e1rmilyen k\u00e9rd\u00e9se mer\u00fcl fel, k\u00e9rj\u00fck, forduljon hozz\u00e1nk bizalommal! K\u00e9szs\u00e9ggel \u00e1llunk rendelkez\u00e9s\u00e9re, hogy a n\u00e1lunk t\u00f6lt\u00f6tt id\u0151 val\u00f3ban \u00f6nfeledt lehessen.[\/vc_column_text][vc_column_text] [\/vc_column_text][vc_column_text] Aj\u00e1nd\u00e9kutalv\u00e1ny\u00a0&#8211; K\u00e9r\u00e9sre aj\u00e1nd\u00e9kutalv\u00e1ny v\u00e1s\u00e1rolhat\u00f3. B\u0151vebb t\u00e1j\u00e9koztat\u00e1s\u00e9rt forduljon a recepci\u00f3hoz. \u00c1gynem\u0171 \u2013 Koll\u00e9g\u00e1ink az \u00e1gynem\u0171cser\u00e9t [&hellip;]<\/p>\n","protected":false},"author":1,"featured_media":0,"parent":0,"menu_order":0,"comment_status":"closed","ping_status":"closed","template":"","meta":{"inline_featured_image":false,"footnotes":""},"class_list":["post-1833","page","type-page","status-publish","hentry"],"_links":{"self":[{"href":"https:\/\/mandilla.hu\/index.php\/wp-json\/wp\/v2\/pages\/1833","targetHints":{"allow":["GET"]}}],"collection":[{"href":"https:\/\/mandilla.hu\/index.php\/wp-json\/wp\/v2\/pages"}],"about":[{"href":"https:\/\/mandilla.hu\/index.php\/wp-json\/wp\/v2\/types\/page"}],"author":[{"embeddable":true,"href":"https:\/\/mandilla.hu\/index.php\/wp-json\/wp\/v2\/users\/1"}],"replies":[{"embeddable":true,"href":"https:\/\/mandilla.hu\/index.php\/wp-json\/wp\/v2\/comments?post=1833"}],"version-history":[{"count":32,"href":"https:\/\/mandilla.hu\/index.php\/wp-json\/wp\/v2\/pages\/1833\/revisions"}],"predecessor-version":[{"id":4395,"href":"https:\/\/mandilla.hu\/index.php\/wp-json\/wp\/v2\/pages\/1833\/revisions\/4395"}],"wp:attachment":[{"href":"https:\/\/mandilla.hu\/index.php\/wp-json\/wp\/v2\/media?parent=1833"}],"curies":[{"name":"wp","href":"https:\/\/api.w.org\/{rel}","templated":true}]}}