{"id":2195,"date":"2022-06-14T14:56:38","date_gmt":"2022-06-14T14:56:38","guid":{"rendered":"https:\/\/mandilla.hu\/?page_id=2195"},"modified":"2024-06-05T09:43:58","modified_gmt":"2024-06-05T09:43:58","slug":"szoba-3","status":"publish","type":"page","link":"https:\/\/mandilla.hu\/index.php\/szobaink\/premium-szobak\/szoba-3\/","title":{"rendered":"Szoba 3"},"content":{"rendered":"<p>[vc_row][vc_column][vc_column_text]A mediterr\u00e1n nyugalmat megid\u00e9z\u0151 pihen\u00e9st \u00e9s gondtalan kikapcsol\u00f3d\u00e1st k\u00edn\u00e1lnak standard szob\u00e1ink. A st\u00edlusos berendez\u00e9sek a k\u00e9nyelemmel \u00f6tv\u00f6zve v\u00e1rj\u00e1k a kikapcsol\u00f3d\u00e1sra v\u00e1gy\u00f3kat. 14-15m2 alapter\u00fclet\u0171 szob\u00e1kban tal\u00e1lhat\u00f3 komfortos, sz\u00e9th\u00fazhat\u00f3 \u00e1gyak egyenk\u00e9nt 90\u00d7200 cm m\u00e9ret\u0171ek, 30 cm magas min\u0151s\u00e9gi rug\u00f3s matraccal.[\/vc_column_text]<div style=\"background-color:; height: 30px;\" class=\"nicdark_section  \"><\/div>[vc_masonry_media_grid grid_id=&#8221;vc_gid:1717580631484-e6f8c8b0-7bba-8&#8243; include=&#8221;2131,2132,2133,2134,2252&#8243; css=&#8221;.vc_custom_1655367086555{padding-top: 30px !important;}&#8221;]<div style=\"background-color:; height: 30px;\" class=\"nicdark_section  \"><\/div>[vc_btn title=&#8221;Foglal\u00e1s \/ Aj\u00e1nlatk\u00e9r\u00e9s&#8221; style=&#8221;custom&#8221; custom_background=&#8221;#808c70&#8243; custom_text=&#8221;#ffffff&#8221; shape=&#8221;square&#8221; size=&#8221;lg&#8221; align=&#8221;center&#8221; link=&#8221;url:https%3A%2F%2Fbook.mandilla.hu%2Ffoglalas%2Fkereses&#8221;]<div style=\"background-color:; height: 40px;\" class=\"nicdark_section  \"><\/div>[\/vc_column][\/vc_row]<\/p>\n","protected":false},"excerpt":{"rendered":"<p>[vc_row][vc_column][vc_column_text]A mediterr\u00e1n nyugalmat megid\u00e9z\u0151 pihen\u00e9st \u00e9s gondtalan kikapcsol\u00f3d\u00e1st k\u00edn\u00e1lnak standard szob\u00e1ink. A st\u00edlusos berendez\u00e9sek a k\u00e9nyelemmel \u00f6tv\u00f6zve v\u00e1rj\u00e1k a kikapcsol\u00f3d\u00e1sra v\u00e1gy\u00f3kat. 14-15m2 alapter\u00fclet\u0171 szob\u00e1kban tal\u00e1lhat\u00f3 komfortos, sz\u00e9th\u00fazhat\u00f3 \u00e1gyak egyenk\u00e9nt 90\u00d7200 cm m\u00e9ret\u0171ek, 30 cm magas min\u0151s\u00e9gi rug\u00f3s matraccal.[\/vc_column_text][vc_masonry_media_grid grid_id=&#8221;vc_gid:1717580631484-e6f8c8b0-7bba-8&#8243; include=&#8221;2131,2132,2133,2134,2252&#8243; css=&#8221;.vc_custom_1655367086555{padding-top: 30px !important;}&#8221;][vc_btn title=&#8221;Foglal\u00e1s \/ Aj\u00e1nlatk\u00e9r\u00e9s&#8221; style=&#8221;custom&#8221; custom_background=&#8221;#808c70&#8243; custom_text=&#8221;#ffffff&#8221; shape=&#8221;square&#8221; size=&#8221;lg&#8221; align=&#8221;center&#8221; link=&#8221;url:https%3A%2F%2Fbook.mandilla.hu%2Ffoglalas%2Fkereses&#8221;][\/vc_column][\/vc_row]<\/p>\n","protected":false},"author":1,"featured_media":0,"parent":1662,"menu_order":0,"comment_status":"closed","ping_status":"closed","template":"","meta":{"inline_featured_image":false,"footnotes":""},"class_list":["post-2195","page","type-page","status-publish","hentry"],"_links":{"self":[{"href":"https:\/\/mandilla.hu\/index.php\/wp-json\/wp\/v2\/pages\/2195","targetHints":{"allow":["GET"]}}],"collection":[{"href":"https:\/\/mandilla.hu\/index.php\/wp-json\/wp\/v2\/pages"}],"about":[{"href":"https:\/\/mandilla.hu\/index.php\/wp-json\/wp\/v2\/types\/page"}],"author":[{"embeddable":true,"href":"https:\/\/mandilla.hu\/index.php\/wp-json\/wp\/v2\/users\/1"}],"replies":[{"embeddable":true,"href":"https:\/\/mandilla.hu\/index.php\/wp-json\/wp\/v2\/comments?post=2195"}],"version-history":[{"count":9,"href":"https:\/\/mandilla.hu\/index.php\/wp-json\/wp\/v2\/pages\/2195\/revisions"}],"predecessor-version":[{"id":4069,"href":"https:\/\/mandilla.hu\/index.php\/wp-json\/wp\/v2\/pages\/2195\/revisions\/4069"}],"up":[{"embeddable":true,"href":"https:\/\/mandilla.hu\/index.php\/wp-json\/wp\/v2\/pages\/1662"}],"wp:attachment":[{"href":"https:\/\/mandilla.hu\/index.php\/wp-json\/wp\/v2\/media?parent=2195"}],"curies":[{"name":"wp","href":"https:\/\/api.w.org\/{rel}","templated":true}]}}

<p>[vc_row][vc_column][vc_column_text]A mediterrán nyugalmat megidéző pihenést és gondtalan kikapcsolódást kínálnak standard szobáink. A stílusos berendezések a kényelemmel ötvözve várják a kikapcsolódásra vágyókat. 14-15m2 alapterületű szobákban található komfortos, széthúzható ágyak egyenként 90×200 cm méretűek, 30 cm magas minőségi rugós matraccal.[/vc_column_text]<div style="background-color:; height: 30px;" class="nicdark_section  "></div>[vc_masonry_media_grid grid_id=&#8221;vc_gid:1717580631484-e6f8c8b0-7bba-8&#8243; include=&#8221;2131,2132,2133,2134,2252&#8243; css=&#8221;.vc_custom_1655367086555{padding-top: 30px !important;}&#8221;]<div style="background-color:; height: 30px;" class="nicdark_section  "></div>[vc_btn title=&#8221;Foglalás / Ajánlatkérés&#8221; style=&#8221;custom&#8221; custom_background=&#8221;#808c70&#8243; custom_text=&#8221;#ffffff&#8221; shape=&#8221;square&#8221; size=&#8221;lg&#8221; align=&#8221;center&#8221; link=&#8221;url:https%3A%2F%2Fbook.mandilla.hu%2Ffoglalas%2Fkereses&#8221;]<div style="background-color:; height: 40px;" class="nicdark_section  "></div>[/vc_column][/vc_row]</p>

<p>[vc_row][vc_column][vc_column_text]A mediterrán nyugalmat megidéző pihenést és gondtalan kikapcsolódást kínálnak standard szobáink. A stílusos berendezések a kényelemmel ötvözve várják a kikapcsolódásra vágyókat. 14-15m2 alapterületű szobákban található komfortos, széthúzható ágyak egyenként 90×200 cm méretűek, 30 cm magas minőségi rugós matraccal.[/vc_column_text][vc_masonry_media_grid grid_id=&#8221;vc_gid:1717580631484-e6f8c8b0-7bba-8&#8243; include=&#8221;2131,2132,2133,2134,2252&#8243; css=&#8221;.vc_custom_1655367086555{padding-top: 30px !important;}&#8221;][vc_btn title=&#8221;Foglalás / Ajánlatkérés&#8221; style=&#8221;custom&#8221; custom_background=&#8221;#808c70&#8243; custom_text=&#8221;#ffffff&#8221; shape=&#8221;square&#8221; size=&#8221;lg&#8221; align=&#8221;center&#8221; link=&#8221;url:https%3A%2F%2Fbook.mandilla.hu%2Ffoglalas%2Fkereses&#8221;][/vc_column][/vc_row]</p>
