{"id":2462,"date":"2022-07-09T09:06:49","date_gmt":"2022-07-09T09:06:49","guid":{"rendered":"https:\/\/mandilla.hu\/?page_id=2462"},"modified":"2025-05-30T06:37:03","modified_gmt":"2025-05-30T06:37:03","slug":"deluxe-szoba","status":"publish","type":"page","link":"https:\/\/mandilla.hu\/index.php\/szobaink\/deluxe-szoba\/","title":{"rendered":"Deluxe szoba"},"content":{"rendered":"<p>[vc_row][vc_column][vc_column_text]<\/p>\n<h1 style=\"text-align: center;\">DELUXE SZOB\u00c1K<\/h1>\n<p>[\/vc_column_text]<div style=\"background-color:; height: 15px;\" class=\"nicdark_section  \"><\/div>[vc_column_text]A mediterr\u00e1n nyugalmat megid\u00e9z\u0151 pihen\u00e9st \u00e9s gondtalan kikapcsol\u00f3d\u00e1st k\u00edn\u00e1lnak standard szob\u00e1ink. A st\u00edlusos berendez\u00e9sek a k\u00e9nyelemmel \u00f6tv\u00f6zve v\u00e1rj\u00e1k a kikapcsol\u00f3d\u00e1sra v\u00e1gy\u00f3kat. 24m2 alapter\u00fclet\u0171 szob\u00e1kban tal\u00e1lhat\u00f3 komfortos, sz\u00e9th\u00fazhat\u00f3 \u00e1gyak egyenk\u00e9nt 90\u00d7200 cm m\u00e9ret\u0171ek, 30 cm magas min\u0151s\u00e9gi rug\u00f3s matraccal.<\/p>\n<p>Fontos megeml\u00edten\u00fcnk, hogy sz\u00e1ll\u00e1shely\u00fcnk &#8222;adults only&#8221; azaz 14 \u00e9ves kor alatti gyermekeket nem tudunk fogadni \u00e9s sajnos h\u00e1zi\u00e1llatokat sem. \u00c9tterm\u00fcnkre term\u00e9szetesen ez nem vonatkozik. K\u00f6sz\u00f6nj\u00fck meg\u00e9rt\u00e9seteket![\/vc_column_text]<div style=\"background-color:; height: 30px;\" class=\"nicdark_section  \"><\/div>[vc_btn title=&#8221;SZOBAFOGLAL\u00c1S&#8221; style=&#8221;custom&#8221; custom_background=&#8221;#808c70&#8243; custom_text=&#8221;#ffffff&#8221; shape=&#8221;square&#8221; size=&#8221;lg&#8221; align=&#8221;center&#8221; link=&#8221;url:https%3A%2F%2Fbook.mandilla.hu%2Ffoglalas%2Fkereses&#8221;]<div style=\"background-color:; height: 40px;\" class=\"nicdark_section  \"><\/div>[\/vc_column][\/vc_row][vc_row][vc_column width=&#8221;1\/4&#8243;][\/vc_column][vc_column width=&#8221;1\/2&#8243;]\n\n\n  <!--START team-->\n  <div class=\" nd_options_price_team_l4 nd_options_section  nd_options_text_align_center \">\n                                        \n    <!--image-->\n    <div class=\"nd_options_section\">\n        \n        <img decoding=\"async\" alt=\"\" class=\"nd_options_section\" src=\"https:\/\/mandilla.hu\/wp-content\/uploads\/2022\/06\/Mandilla-szobak-17-1024x683.jpg\">\n\n    <\/div>\n    <!--image-->\n\n\n    <div class=\"nd_options_section nd_options_padding_20 nd_options_box_sizing_border_box\">\n    \n        <h2 class=\"nd_options_margin_0_important\"><strong>SZOBA - 10<\/strong><\/h2>\n        <div class=\"nd_options_section nd_options_height_10\"><\/div> \n        <h6 class=\"nd_options_color_grey nd_options_font_size_12 nd_options_text_transform_uppercase nd_options_letter_spacing_3 nd_options_second_font nd_options_font_weight_lighter\">DELUXE SZOBA<\/h6>\n        <div class=\"nd_options_section nd_options_height_20\"><\/div> \n        <p class=\"nd_options_margin_0_important\">23 900 Ft \/ f\u0151 \/ \u00e9j -t\u0151l<\/p>\n        <div class=\"nd_options_section nd_options_height_20\"><\/div> \n        <a rel=\"\" target=\"_self\" class=\"nd_options_margin_0_important nd_options_display_inline_block nd_options_color_grey nd_options_border_1_solid_grey nd_options_first_font nd_options_padding_8_12 nd_options_border_radius_20 nd_options_font_size_13\" href=\"https:\/\/mandilla.hu\/index.php\/szobaink\/deluxe-szoba\/szoba-10\/\">TOV\u00c1BB<\/a>\n\n    <\/div>\n\n  <\/div>\n  <!--END team-->\n\n\n   [\/vc_column][vc_column width=&#8221;1\/4&#8243;][\/vc_column][\/vc_row][vc_row][vc_column]<div style=\"background-color:; height: 25px;\" class=\"nicdark_section  \"><\/div>[vc_text_separator title=&#8221;TOV\u00c1BBI SZOB\u00c1INK&#8221; color=&#8221;custom&#8221; border_width=&#8221;2&#8243; el_width=&#8221;60&#8243; css=&#8221;.vc_custom_1681475845777{padding-top: 30px !important;}&#8221; accent_color=&#8221;#242424&#8243;]<div style=\"background-color:; height: 25px;\" class=\"nicdark_section  \"><\/div>[\/vc_column][\/vc_row][vc_row][vc_column width=&#8221;1\/4&#8243;][vc_empty_space height=&#8221;25px&#8221;][vc_column_text]<\/p>\n<h3 style=\"text-align: center;\"><strong>STANDARD<\/strong><\/h3>\n<p>[\/vc_column_text]<div style=\"background-color:; height: 20px;\" class=\"nicdark_section  \"><\/div>\n    <div style=\"text-align:center;\" class=\"nd_options_section\">\n      <img decoding=\"async\" alt=\"\" style=\"width:100%;\" class=\" nd_options_margin_0 nd_options_padding_0 \" src=\"https:\/\/mandilla.hu\/wp-content\/uploads\/2024\/06\/Mandilla-standard-szoba-1024x683.webp\">\n    <\/div>\n   <div style=\"background-color:; height: 20px;\" class=\"nicdark_section  \"><\/div>\n\t<div class=\"nd_options_section nd_options_text_align_center\">\n\t<a style=\"border: px solid ; border-radius:px; letter-spacing:px; line-height:px; font-size:px; background-color:#808c70; padding:10px; margin:; color:#ffffff;\" rel=\"\"  href=\"https:\/\/mandilla.hu\/index.php\/szobaink\/standard-szoba\/\" class=\"nicdark_display_inline_block  nd_options_font_weight_normal   \">TOV\u00c1BB<\/a>\n\t<\/div>\n[\/vc_column][vc_column width=&#8221;1\/4&#8243;][vc_empty_space height=&#8221;25px&#8221;][vc_column_text]<\/p>\n<h3 style=\"text-align: center;\"><strong>PR\u00c9MIUM<\/strong><\/h3>\n<p>[\/vc_column_text]<div style=\"background-color:; height: 20px;\" class=\"nicdark_section  \"><\/div>\n    <div style=\"text-align:center;\" class=\"nd_options_section\">\n      <img decoding=\"async\" alt=\"\" style=\"width:100%;\" class=\" nd_options_margin_0 nd_options_padding_0 \" src=\"https:\/\/mandilla.hu\/wp-content\/uploads\/2024\/06\/Mandilla-premium-szoba-1024x683.webp\">\n    <\/div>\n   <div style=\"background-color:; height: 20px;\" class=\"nicdark_section  \"><\/div>\n\t<div class=\"nd_options_section nd_options_text_align_center\">\n\t<a style=\"border: px solid ; border-radius:px; letter-spacing:px; line-height:px; font-size:px; background-color:#808c70; padding:10px; margin:; color:#ffffff;\" rel=\"\"  href=\"https:\/\/mandilla.hu\/index.php\/szobaink\/premium-szobak\/\" class=\"nicdark_display_inline_block  nd_options_font_weight_normal   \">TOV\u00c1BB<\/a>\n\t<\/div>\n[\/vc_column][vc_column width=&#8221;1\/4&#8243;][vc_empty_space height=&#8221;25px&#8221;][vc_column_text]<\/p>\n<h3 style=\"text-align: center;\"><strong>PR\u00c9MIUM PLUS<\/strong><\/h3>\n<p>[\/vc_column_text]<div style=\"background-color:; height: 20px;\" class=\"nicdark_section  \"><\/div>\n    <div style=\"text-align:center;\" class=\"nd_options_section\">\n      <img decoding=\"async\" alt=\"\" style=\"width:100%;\" class=\" nd_options_margin_0 nd_options_padding_0 \" src=\"https:\/\/mandilla.hu\/wp-content\/uploads\/2024\/06\/Mandilla-premium-plus-szoba-1024x683.webp\">\n    <\/div>\n   <div style=\"background-color:; height: 20px;\" class=\"nicdark_section  \"><\/div>\n\t<div class=\"nd_options_section nd_options_text_align_center\">\n\t<a style=\"border: px solid ; border-radius:px; letter-spacing:px; line-height:px; font-size:px; background-color:#808c70; padding:10px; margin:; color:#ffffff;\" rel=\"\"  href=\"https:\/\/mandilla.hu\/index.php\/szobaink\/premium-plus-szobak\/\" class=\"nicdark_display_inline_block  nd_options_font_weight_normal   \">TOV\u00c1BB<\/a>\n\t<\/div>\n[\/vc_column][vc_column width=&#8221;1\/4&#8243;][vc_empty_space height=&#8221;25px&#8221;][vc_column_text]<\/p>\n<h3 style=\"text-align: center;\"><strong>DELUXE PLUS<\/strong><\/h3>\n<p>[\/vc_column_text]<div style=\"background-color:; height: 20px;\" class=\"nicdark_section  \"><\/div>\n    <div style=\"text-align:center;\" class=\"nd_options_section\">\n      <img decoding=\"async\" alt=\"\" style=\"width:100%;\" class=\" nd_options_margin_0 nd_options_padding_0 \" src=\"https:\/\/mandilla.hu\/wp-content\/uploads\/2024\/06\/Mandilla-deluxe-plus-szoba-1024x683.webp\">\n    <\/div>\n   <div style=\"background-color:; height: 20px;\" class=\"nicdark_section  \"><\/div>\n\t<div class=\"nd_options_section nd_options_text_align_center\">\n\t<a style=\"border: px solid ; border-radius:px; letter-spacing:px; line-height:px; font-size:px; background-color:#808c70; padding:10px; margin:; color:#ffffff;\" rel=\"\"  href=\"https:\/\/mandilla.hu\/index.php\/szobaink\/deluxe-plus-szobak\/\" class=\"nicdark_display_inline_block  nd_options_font_weight_normal   \">TOV\u00c1BB<\/a>\n\t<\/div>\n[\/vc_column][\/vc_row]<\/p>\n","protected":false},"excerpt":{"rendered":"<p>[vc_row][vc_column][vc_column_text] DELUXE SZOB\u00c1K [\/vc_column_text][vc_column_text]A mediterr\u00e1n nyugalmat megid\u00e9z\u0151 pihen\u00e9st \u00e9s gondtalan kikapcsol\u00f3d\u00e1st k\u00edn\u00e1lnak standard szob\u00e1ink. A st\u00edlusos berendez\u00e9sek a k\u00e9nyelemmel \u00f6tv\u00f6zve v\u00e1rj\u00e1k a kikapcsol\u00f3d\u00e1sra v\u00e1gy\u00f3kat. 24m2 alapter\u00fclet\u0171 szob\u00e1kban tal\u00e1lhat\u00f3 komfortos, sz\u00e9th\u00fazhat\u00f3 \u00e1gyak egyenk\u00e9nt 90\u00d7200 cm m\u00e9ret\u0171ek, 30 cm magas min\u0151s\u00e9gi rug\u00f3s matraccal. Fontos megeml\u00edten\u00fcnk, hogy sz\u00e1ll\u00e1shely\u00fcnk &#8222;adults only&#8221; azaz 14 \u00e9ves kor alatti gyermekeket nem tudunk [&hellip;]<\/p>\n","protected":false},"author":1,"featured_media":0,"parent":1708,"menu_order":0,"comment_status":"closed","ping_status":"closed","template":"","meta":{"inline_featured_image":false,"footnotes":""},"class_list":["post-2462","page","type-page","status-publish","hentry"],"_links":{"self":[{"href":"https:\/\/mandilla.hu\/index.php\/wp-json\/wp\/v2\/pages\/2462","targetHints":{"allow":["GET"]}}],"collection":[{"href":"https:\/\/mandilla.hu\/index.php\/wp-json\/wp\/v2\/pages"}],"about":[{"href":"https:\/\/mandilla.hu\/index.php\/wp-json\/wp\/v2\/types\/page"}],"author":[{"embeddable":true,"href":"https:\/\/mandilla.hu\/index.php\/wp-json\/wp\/v2\/users\/1"}],"replies":[{"embeddable":true,"href":"https:\/\/mandilla.hu\/index.php\/wp-json\/wp\/v2\/comments?post=2462"}],"version-history":[{"count":20,"href":"https:\/\/mandilla.hu\/index.php\/wp-json\/wp\/v2\/pages\/2462\/revisions"}],"predecessor-version":[{"id":4372,"href":"https:\/\/mandilla.hu\/index.php\/wp-json\/wp\/v2\/pages\/2462\/revisions\/4372"}],"up":[{"embeddable":true,"href":"https:\/\/mandilla.hu\/index.php\/wp-json\/wp\/v2\/pages\/1708"}],"wp:attachment":[{"href":"https:\/\/mandilla.hu\/index.php\/wp-json\/wp\/v2\/media?parent=2462"}],"curies":[{"name":"wp","href":"https:\/\/api.w.org\/{rel}","templated":true}]}}