{"id":2867,"date":"2022-09-12T11:32:49","date_gmt":"2022-09-12T11:32:49","guid":{"rendered":"https:\/\/mandilla.hu\/?page_id=2867"},"modified":"2026-02-15T21:54:16","modified_gmt":"2026-02-15T21:54:16","slug":"masszazs","status":"publish","type":"page","link":"https:\/\/mandilla.hu\/index.php\/elmenyek\/masszazs\/","title":{"rendered":"MASSZ\u00c1ZS"},"content":{"rendered":"<p>[vc_row][vc_column][vc_column_text]<\/p>\n<h1 style=\"text-align: center;\">MASSZ\u00c1ZS<\/h1>\n<p>[\/vc_column_text]<div style=\"background-color:; height: 30px;\" class=\"nicdark_section  \"><\/div>[vc_column_text]T\u00f6lt\u0151dj fel egy kellemes massz\u00e1zzsal a Mandill\u00e1ban! Ak\u00e1r n\u00e1lunk t\u00f6lt\u00f6d az \u00e9jszak\u00e1t, ak\u00e1r csak a k\u00f6rny\u00e9ken j\u00e1rsz, t\u00e9rj be hozz\u00e1nk \u00e9s friss\u00fclj fel.\u00a0Profi massz\u0151r\u00fcnk minden nap v\u00e1r![\/vc_column_text][\/vc_column][\/vc_row][vc_row][vc_column width=&#8221;1\/3&#8243;]<div style=\"background-color:; height: 35px;\" class=\"nicdark_section  \"><\/div>\n    <div style=\"text-align:center;\" class=\"nd_options_section\">\n      <img decoding=\"async\" alt=\"\" style=\"width:70px;\" class=\" nd_options_margin_0 nd_options_padding_0 \" src=\"https:\/\/mandilla.hu\/wp-content\/uploads\/2022\/09\/masszazs-ikon.png\">\n    <\/div>\n   <div style=\"background-color:; height: 10px;\" class=\"nicdark_section  \"><\/div> <h4 style=\"color:; padding:px; text-align:center; font-size:px; line-height:px; letter-spacing: px; font-weight:lighter;\" class=\"    \">MASSZ\u00c1ZS<\/h4> <div style=\"background-color:; height: 10px;\" class=\"nicdark_section  \"><\/div>[\/vc_column][vc_column width=&#8221;1\/3&#8243;]<div style=\"background-color:; height: 35px;\" class=\"nicdark_section  \"><\/div>\n    <div style=\"text-align:center;\" class=\"nd_options_section\">\n      <img decoding=\"async\" alt=\"\" style=\"width:70px;\" class=\" nd_options_margin_0 nd_options_padding_0 \" src=\"https:\/\/mandilla.hu\/wp-content\/uploads\/2022\/09\/masszazs-ikon-3.png\">\n    <\/div>\n   <div style=\"background-color:; height: 10px;\" class=\"nicdark_section  \"><\/div> <h4 style=\"color:; padding:px; text-align:center; font-size:px; line-height:px; letter-spacing: px; font-weight:lighter;\" class=\"    \">RELAX\u00c1CI\u00d3<\/h4> <div style=\"background-color:; height: 10px;\" class=\"nicdark_section  \"><\/div>[\/vc_column][vc_column width=&#8221;1\/3&#8243;]<div style=\"background-color:; height: 35px;\" class=\"nicdark_section  \"><\/div>\n    <div style=\"text-align:center;\" class=\"nd_options_section\">\n      <img decoding=\"async\" alt=\"\" style=\"width:70px;\" class=\" nd_options_margin_0 nd_options_padding_0 \" src=\"https:\/\/mandilla.hu\/wp-content\/uploads\/2022\/09\/masszazs-ikon-2.png\">\n    <\/div>\n   <div style=\"background-color:; height: 10px;\" class=\"nicdark_section  \"><\/div> <h4 style=\"color:; padding:px; text-align:center; font-size:px; line-height:px; letter-spacing: px; font-weight:lighter;\" class=\"    \">L\u00c1VAK\u00d6VES MASSZ\u00c1ZS<\/h4> <div style=\"background-color:; height: 10px;\" class=\"nicdark_section  \"><\/div>[\/vc_column][\/vc_row][vc_row][vc_column]<div style=\"background-color:; height: 20px;\" class=\"nicdark_section  \"><\/div>[\/vc_column][\/vc_row][vc_row full_width=&#8221;stretch_row&#8221; equal_height=&#8221;yes&#8221; css=&#8221;.vc_custom_1651133911692{background-color: #75635a !important;}&#8221;][vc_column width=&#8221;1\/2&#8243;]<div style=\"background-color:; height: 60px;\" class=\"nicdark_section  \"><\/div>[vc_column_text]<\/p>\n<h4 style=\"text-align: left;\"><span style=\"color: #ffffff;\">A k\u00f6vetkez\u0151 massz\u00e1zsokkal v\u00e1runk Titeket:<\/span><\/h4>\n<ul>\n<li style=\"text-align: left;\"><span style=\"color: #ffffff;\">H\u00e1tmassz\u00e1zs | 25 perc | 8.800,-<\/span><\/li>\n<li style=\"text-align: left;\"><span style=\"color: #ffffff;\">Talpmassz\u00e1zs | 25 perc | 8.800,-<\/span><\/li>\n<li style=\"text-align: left;\"><span style=\"color: #ffffff;\">Testmassz\u00e1zs | 50 perc | 12.800,-<\/span><\/li>\n<li style=\"text-align: left;\"><span style=\"color: #ffffff;\">L\u00e1vak\u00f6ves massz\u00e1zs | 50 perc | 12.800,-<\/span><\/li>\n<li style=\"text-align: left;\"><span style=\"color: #ffffff;\">Test-, Fej-, Talpmassz\u00e1zs | 90 perc | 18.800,-<\/span><\/li>\n<\/ul>\n<p>[\/vc_column_text]<div style=\"background-color:; height: 20px;\" class=\"nicdark_section  \"><\/div>\n\t\n\t<a style=\"border: px solid ; border-radius:px; letter-spacing:px; line-height:px; font-size:px; background-color:#ffffff; padding:8px 12px; margin:; color:#685045;\" rel=\"\"  href=\"tel:+36300114022\" class=\"nicdark_display_inline_block nd_options_float_left   brown--hover \">ID\u0150PONTFOGLAL\u00c1S & INFORM\u00c1CI\u00d3<\/a>\n\t\n<div style=\"background-color:; height: 60px;\" class=\"nicdark_section  \"><\/div>[\/vc_column][vc_column parallax=&#8221;content-moving&#8221; parallax_image=&#8221;2871&#8243; width=&#8221;1\/2&#8243;][\/vc_column][\/vc_row][vc_row][vc_column]<div style=\"background-color:; height: 50px;\" class=\"nicdark_section  \"><\/div>[\/vc_column][\/vc_row][vc_row][vc_column parallax=&#8221;content-moving&#8221; parallax_image=&#8221;2392&#8243; width=&#8221;1\/2&#8243;]<div style=\"background-color:; height: 200px;\" class=\"nicdark_section  \"><\/div>\n\t<div class=\"nd_options_section nd_options_text_align_center\">\n\t<a style=\"border: px solid ; border-radius:px; letter-spacing:px; line-height:px; font-size:px; background-color:#ffffff; padding:15px 35px; margin:; color:#685045;\" rel=\"\"  href=\"https:\/\/mandilla.hu\/index.php\/szobaink\/\" class=\"nicdark_display_inline_block    brown--hover \">SZOB\u00c1INK<\/a>\n\t<\/div>\n<div style=\"background-color:; height: 200px;\" class=\"nicdark_section  \"><\/div>[\/vc_column][vc_column parallax=&#8221;content-moving&#8221; parallax_image=&#8221;2398&#8243; width=&#8221;1\/2&#8243;]<div style=\"background-color:; height: 200px;\" class=\"nicdark_section  \"><\/div>\n\t<div class=\"nd_options_section nd_options_text_align_center\">\n\t<a style=\"border: px solid ; border-radius:px; letter-spacing:px; line-height:px; font-size:px; background-color:#ffffff; padding:15px 35px; margin:; color:#685045;\" rel=\"\"  href=\"https:\/\/mandilla.hu\/index.php\/etterem\/\" class=\"nicdark_display_inline_block    brown--hover \">\u00c9TTEREM<\/a>\n\t<\/div>\n<div style=\"background-color:; height: 200px;\" class=\"nicdark_section  \"><\/div>[\/vc_column][\/vc_row]<\/p>\n","protected":false},"excerpt":{"rendered":"<p>[vc_row][vc_column][vc_column_text] MASSZ\u00c1ZS [\/vc_column_text][vc_column_text]T\u00f6lt\u0151dj fel egy kellemes massz\u00e1zzsal a Mandill\u00e1ban! Ak\u00e1r n\u00e1lunk t\u00f6lt\u00f6d az \u00e9jszak\u00e1t, ak\u00e1r csak a k\u00f6rny\u00e9ken j\u00e1rsz, t\u00e9rj be hozz\u00e1nk \u00e9s friss\u00fclj fel.\u00a0Profi massz\u0151r\u00fcnk minden nap v\u00e1r![\/vc_column_text][\/vc_column][\/vc_row][vc_row][vc_column width=&#8221;1\/3&#8243;][\/vc_column][vc_column width=&#8221;1\/3&#8243;][\/vc_column][vc_column width=&#8221;1\/3&#8243;][\/vc_column][\/vc_row][vc_row][vc_column][\/vc_column][\/vc_row][vc_row full_width=&#8221;stretch_row&#8221; equal_height=&#8221;yes&#8221; css=&#8221;.vc_custom_1651133911692{background-color: #75635a !important;}&#8221;][vc_column width=&#8221;1\/2&#8243;][vc_column_text] A k\u00f6vetkez\u0151 massz\u00e1zsokkal v\u00e1runk Titeket: H\u00e1tmassz\u00e1zs | 25 perc | 8.800,- Talpmassz\u00e1zs | 25 perc | 8.800,- [&hellip;]<\/p>\n","protected":false},"author":1,"featured_media":0,"parent":1898,"menu_order":0,"comment_status":"closed","ping_status":"closed","template":"","meta":{"inline_featured_image":false,"footnotes":""},"class_list":["post-2867","page","type-page","status-publish","hentry"],"_links":{"self":[{"href":"https:\/\/mandilla.hu\/index.php\/wp-json\/wp\/v2\/pages\/2867","targetHints":{"allow":["GET"]}}],"collection":[{"href":"https:\/\/mandilla.hu\/index.php\/wp-json\/wp\/v2\/pages"}],"about":[{"href":"https:\/\/mandilla.hu\/index.php\/wp-json\/wp\/v2\/types\/page"}],"author":[{"embeddable":true,"href":"https:\/\/mandilla.hu\/index.php\/wp-json\/wp\/v2\/users\/1"}],"replies":[{"embeddable":true,"href":"https:\/\/mandilla.hu\/index.php\/wp-json\/wp\/v2\/comments?post=2867"}],"version-history":[{"count":27,"href":"https:\/\/mandilla.hu\/index.php\/wp-json\/wp\/v2\/pages\/2867\/revisions"}],"predecessor-version":[{"id":4592,"href":"https:\/\/mandilla.hu\/index.php\/wp-json\/wp\/v2\/pages\/2867\/revisions\/4592"}],"up":[{"embeddable":true,"href":"https:\/\/mandilla.hu\/index.php\/wp-json\/wp\/v2\/pages\/1898"}],"wp:attachment":[{"href":"https:\/\/mandilla.hu\/index.php\/wp-json\/wp\/v2\/media?parent=2867"}],"curies":[{"name":"wp","href":"https:\/\/api.w.org\/{rel}","templated":true}]}}