{"id":433,"date":"2017-07-19T08:57:14","date_gmt":"2017-07-19T08:57:14","guid":{"rendered":"http:\/\/www.nicdarkthemes.com\/themes\/hotel\/wp\/demo\/?page_id=433"},"modified":"2024-04-15T11:55:47","modified_gmt":"2024-04-15T11:55:47","slug":"rolunk","status":"publish","type":"page","link":"https:\/\/mandilla.hu\/index.php\/rolunk\/","title":{"rendered":"R\u00f3lunk"},"content":{"rendered":"<p>[vc_row][vc_column width=&#8221;1\/2&#8243; css=&#8221;.vc_custom_1467360650255{margin-top: 10px !important;margin-bottom: 10px !important;padding-top: 0px !important;padding-right: 40px !important;}&#8221;]<div style=\"background-color:; height: 10px;\" class=\"nicdark_section  \"><\/div> <h1 style=\"color:#242424; padding:px; text-align:right; font-size:35px; line-height:50px; letter-spacing: px; font-weight:normal;\" class=\"  nd_options_text_align_center_responsive_important nd_options_first_font \">Hell\u00f3.<\/h1> <div style=\"background-color:; height: 10px;\" class=\"nicdark_section  \"><\/div> <h3 style=\"color:#242424; padding:px; text-align:right; font-size:20px; line-height:24px; letter-spacing: px; font-weight:normal;\" class=\"  nd_options_text_align_center_responsive_important nd_options_second_font \">R\u00e9ka \u00e9s G\u00e1bor vagyunk, f\u00e9rj \u00e9s feles\u00e9g, a Mandilla meg\u00e1lmod\u00f3i.<\/h3> <div style=\"background-color:; height: 20px;\" class=\"nicdark_section  \"><\/div>[vc_column_text el_class=&#8221;nd_options_text_align_center_responsive&#8221;]H\u00e1rom gyermek\u00fcnkkel, az ikrekkel Beb\u00e9vel \u00e9s Bob\u00f3val, valamint kicsi l\u00e1nyunkkal Bor\u00f3k\u00e1val \u00e9vtizedek \u00f3ta a Balaton szerelmesei vagyunk.[\/vc_column_text]<div style=\"background-color:; height: 20px;\" class=\"nicdark_section  \"><\/div>[vc_column_text el_class=&#8221;nd_options_text_align_center_responsive&#8221;]B\u00e1r a munka, suli, k\u00f6telezetts\u00e9gek legink\u00e1bb m\u00e9g Budapesthez k\u00f6tnek, amikor tehetj\u00fck m\u00e1r rohanunk is ide, hogy \u00e9lvezz\u00fck a k\u00f6rny\u00e9k semmihez sem hasonl\u00edthat\u00f3 var\u00e1zs\u00e1t. Vagy, ha m\u00e9gsem, akkor meg t\u00e9len-ny\u00e1ron kalandozunk a vil\u00e1gban.[\/vc_column_text]<div style=\"background-color:; height: 10px;\" class=\"nicdark_section  \"><\/div>[\/vc_column][vc_column width=&#8221;1\/2&#8243; css=&#8221;.vc_custom_1467207292391{margin-top: 10px !important;margin-bottom: 10px !important;padding-top: 0px !important;}&#8221;]\n    <div style=\"text-align:center;\" class=\"nd_options_section\">\n      <img decoding=\"async\" alt=\"\" style=\"width:100%;\" class=\" nd_options_margin_0 nd_options_padding_0 \" src=\"https:\/\/mandilla.hu\/wp-content\/uploads\/2022\/08\/Mandilla-Csaladi-15-1024x683.jpg\">\n    <\/div>\n   [\/vc_column][\/vc_row][vc_row css=&#8221;.vc_custom_1660811153961{padding-top: 30px !important;padding-bottom: 40px !important;}&#8221;][vc_column][vc_column_text]<\/p>\n<p style=\"text-align: center;\">Mindig is im\u00e1dtunk utazni, felfedezni, \u00faj, izgalmas helyeken kalandozni. Utaz\u00e1saink sor\u00e1n nagyon sokf\u00e9le sz\u00e1llod\u00e1ban, \u00e9tteremben fordultunk meg. El\u0151szeretettel gy\u0171jt\u00f6tt\u00fck a tapasztalatokat \u00e9s figyelt\u00fcnk meg mindent az apr\u00f3 r\u00e9szletekig. Fontos volt minden, az \u00edzek, kompoz\u00edci\u00f3k, a t\u00e1lal\u00e1s, a k\u00f6rnyezet, mili\u0151, ami k\u00f6rbe vesz, a vend\u00e9gl\u00e1t\u00e1s min\u0151s\u00e9ge, mindaz, ami \u00e9lm\u00e9nny\u00e9 teheti az otthont\u00f3l t\u00e1vol t\u00f6lt\u00f6tt id\u0151t.<\/p>\n<p>[\/vc_column_text][\/vc_column][\/vc_row][vc_row][vc_column width=&#8221;1\/2&#8243; css=&#8221;.vc_custom_1467360650255{margin-top: 10px !important;margin-bottom: 10px !important;padding-top: 0px !important;padding-right: 40px !important;}&#8221;]\n    <div style=\"text-align:center;\" class=\"nd_options_section\">\n      <img decoding=\"async\" alt=\"\" style=\"width:100%;\" class=\" nd_options_margin_0 nd_options_padding_0 \" src=\"https:\/\/mandilla.hu\/wp-content\/uploads\/2022\/08\/Mandilla-Csaladi-14-1024x683.jpg\">\n    <\/div>\n   [\/vc_column][vc_column width=&#8221;1\/2&#8243; css=&#8221;.vc_custom_1467207292391{margin-top: 10px !important;margin-bottom: 10px !important;padding-top: 0px !important;}&#8221;]<div style=\"background-color:; height: 10px;\" class=\"nicdark_section  \"><\/div>[vc_column_text el_class=&#8221;nd_options_text_align_center_responsive&#8221;]Az \u00e9vek sor\u00e1n tapasztaltak azt\u00e1n sz\u00e9p lassan form\u00e1l\u00f3dtak \u00e9s letisztultak benn\u00fcnk, \u00e9s nagyj\u00e1b\u00f3l meg tudtuk fogalmazni, hogy sz\u00e1munkra mit jelent a j\u00f3 vend\u00e9gl\u00e1t\u00e1s. Arra azonban \u00e1lmunkban sem gondoltunk, hogy ez egyszer enn\u00e9l t\u00f6bb is lesz \u00e9s tettekre sarkall minket.[\/vc_column_text]<div style=\"background-color:; height: 20px;\" class=\"nicdark_section  \"><\/div>[vc_column_text el_class=&#8221;nd_options_text_align_center_responsive&#8221;]A Covid begy\u0171r\u0171z\u00e9sekor azt\u00e1n sok minden v\u00e1ltozott. Ahogy lehetett rohantunk a nyaral\u00f3ba \u00e9s el a v\u00e1rosb\u00f3l, \u00edgy j\u00f3val t\u00f6bb id\u0151 jutott az im\u00e1dott Balatonunkra is. Aut\u00f3val, biciklivel, gyalog kereszt\u00fcl-kasul bej\u00e1rtuk a K\u00e1li-medence gy\u00f6ny\u00f6r\u0171 vid\u00e9k\u00e9t \u00e9s vend\u00e9geskedt\u00fcnk a k\u00f6rny\u00e9ken tal\u00e1lhat\u00f3 jobbn\u00e1l jobb helyeken.[\/vc_column_text]<div style=\"background-color:; height: 20px;\" class=\"nicdark_section  \"><\/div>[vc_column_text el_class=&#8221;nd_options_text_align_center_responsive&#8221;]Szuper \u00e9lm\u00e9nyekben volt r\u00e9sz\u00fcnk, v\u00e9gleg beleszerett\u00fcnk e mes\u00e9s vid\u00e9kbe. Azt \u00e9rezt\u00fck, hogy szeretn\u00e9nk gy\u00f6keret ereszteni itt, ide tartozni, itt \u00e9lni \u00e9s tal\u00e1n az \u00e1lmainkb\u00f3l is megval\u00f3s\u00edtani valamit.[\/vc_column_text]<div style=\"background-color:; height: 10px;\" class=\"nicdark_section  \"><\/div>[\/vc_column][\/vc_row][vc_row css=&#8221;.vc_custom_1660811153961{padding-top: 30px !important;padding-bottom: 40px !important;}&#8221;][vc_column][vc_column_text]M\u00e1r csak \u00f6ssze kellett k\u00f6tni a pontokat \u00e9s kimondani magunknak, hogy belev\u00e1gunk \u00e9s csin\u00e1lunk egy olyan helyet a Balaton k\u00f6zel\u00e9ben, ahol mi, a bar\u00e1taink \u00e9s a leend\u0151 bar\u00e1taink is otthon \u00e9rezhetik magukat. Hosszas kutat\u00e1s, keresg\u00e9l\u00e9s ut\u00e1n egy v\u00e9letlen folyt\u00e1n tal\u00e1ltunk r\u00e1 a Mandilla kopott, r\u00e9gi \u00e9p\u00fclet\u00e9re, melyr\u0151l mindketten \u00e9rezt\u00fck, hogy &#8230;[\/vc_column_text]<div style=\"background-color:; height: 20px;\" class=\"nicdark_section  \"><\/div> <h3 style=\"color:#242424; padding:px; text-align:; font-size:30px; line-height:30px; letter-spacing: px; font-weight:normal;\" class=\"  nd_options_text_align_center_responsive_important nd_options_first_font \">... ezt kerest\u00fck, EZ AZ A HELY.<\/h3> [\/vc_column][\/vc_row][vc_row][vc_column width=&#8221;1\/2&#8243;]\n    <div style=\"text-align:center;\" class=\"nd_options_section\">\n      <img decoding=\"async\" alt=\"\" style=\"width:100%;\" class=\" nd_options_margin_0 nd_options_padding_0 \" src=\"https:\/\/mandilla.hu\/wp-content\/uploads\/2022\/08\/Mandilla-dron-regi-1-1024x621.jpg\">\n    <\/div>\n   <div style=\"background-color:; height: 10px;\" class=\"nicdark_section  \"><\/div>[\/vc_column][vc_column width=&#8221;1\/2&#8243;]\n    <div style=\"text-align:center;\" class=\"nd_options_section\">\n      <img decoding=\"async\" alt=\"\" style=\"width:100%;\" class=\" nd_options_margin_0 nd_options_padding_0 \" src=\"https:\/\/mandilla.hu\/wp-content\/uploads\/2022\/08\/Mandilla-dron-uj-1-1024x621.jpg\">\n    <\/div>\n   <div style=\"background-color:; height: 10px;\" class=\"nicdark_section  \"><\/div>[\/vc_column][\/vc_row][vc_row css=&#8221;.vc_custom_1660811153961{padding-top: 30px !important;padding-bottom: 40px !important;}&#8221;][vc_column][vc_column_text]Lecsaptunk h\u00e1t a k\u00edn\u00e1lkoz\u00f3 alkalomra \u00e9s belev\u00e1gtunk \u00e9let\u00fcnk egyik eddigi legnagyobb v\u00e1llalkoz\u00e1s\u00e1ba. Miut\u00e1n meg\u00e1llapodtunk Marika n\u00e9nivel, a kor\u00e1bbi tulajdonossal, szinte minden mag\u00e1t\u00f3l \u00e9rtet\u0151d\u0151 volt, a kivitelez\u00e9st nem el\u0151zte meg hosszas tervez\u00e9s \u00e9s t\u00f6preng\u00e9s, gyorsan belev\u00e1gtunk. A r\u00e9gi \u00e9p\u00fcletek \u00e9s a h\u00e1z adotts\u00e1gai meghat\u00e1rozt\u00e1k a kereteket, melyet \u201ecsak\u201d meg kellett t\u00f6lten\u00fcnk a v\u00edzi\u00f3nkkal. Szinte egy pillanat alatt t\u00f6lt\u00f6tt\u00e9k be a teret az \u00e1lmaink, \u00edgy kicsit kevesebb, mint m\u00e1sf\u00e9l \u00e9vnyi munk\u00e1val l\u00e9trej\u00f6tt a Mandilla. A hely, amibe beles\u0171r\u00edtett\u00fcnk szinte mindent abb\u00f3l, amit mi a j\u00f3 vend\u00e9gl\u00e1t\u00e1sr\u00f3l gondolunk \u00e9s ahol rem\u00e9lj\u00fck, hogy vend\u00e9geink is megtal\u00e1lj\u00e1k mindazt, ami\u00e9rt utazni \u00e9rdemes.[\/vc_column_text]<div style=\"background-color:; height: 20px;\" class=\"nicdark_section  \"><\/div>[vc_column_text]Min\u0151s\u00e9gi mediterr\u00e1n konyh\u00e1val, k\u00fcl\u00f6nleges italk\u00edn\u00e1lattal, gondos munkat\u00e1rsakkal \u00e9s kompromisszumok n\u00e9lk\u00fcli k\u00e9nyelemmel v\u00e1rjuk \u00d6n\u00f6ket n\u00e9vad\u00f3 \u00f6reg mandulaf\u00e1ink \u00e1rny\u00e9k\u00e1ba!<span class=\"Apple-converted-space\">\u00a0<\/span>[\/vc_column_text]\n    <div style=\"text-align:right;\" class=\"nd_options_section\">\n      <img decoding=\"async\" alt=\"\" style=\"width:400px;\" class=\" nd_options_margin_0 nd_options_padding_0 \" src=\"https:\/\/mandilla.hu\/wp-content\/uploads\/2022\/08\/Alairas.png\">\n    <\/div>\n   <div style=\"background-color:; height: 20px;\" class=\"nicdark_section  \"><\/div>\n\t<div class=\"nd_options_section nd_options_text_align_center\">\n\t<a style=\"border: px solid ; border-radius:px; letter-spacing:px; line-height:px; font-size:px; background-color:#75645c; padding:10px 20px; margin:; color:#ffffff;\" rel=\"\"  href=\"https:\/\/book.mandilla.hu\/foglalas\/kereses\" class=\"nicdark_display_inline_block  nd_options_font_weight_normal  light--hover \">\u00c1RKALKUL\u00c1CI\u00d3 & FOGLAL\u00c1S<\/a>\n\t<\/div>\n[\/vc_column][\/vc_row]<\/p>\n","protected":false},"excerpt":{"rendered":"<p>[vc_row][vc_column width=&#8221;1\/2&#8243; css=&#8221;.vc_custom_1467360650255{margin-top: 10px !important;margin-bottom: 10px !important;padding-top: 0px !important;padding-right: 40px !important;}&#8221;][vc_column_text el_class=&#8221;nd_options_text_align_center_responsive&#8221;]H\u00e1rom gyermek\u00fcnkkel, az ikrekkel Beb\u00e9vel \u00e9s Bob\u00f3val, valamint kicsi l\u00e1nyunkkal Bor\u00f3k\u00e1val \u00e9vtizedek \u00f3ta a Balaton szerelmesei vagyunk.[\/vc_column_text][vc_column_text el_class=&#8221;nd_options_text_align_center_responsive&#8221;]B\u00e1r a munka, suli, k\u00f6telezetts\u00e9gek legink\u00e1bb m\u00e9g Budapesthez k\u00f6tnek, amikor tehetj\u00fck m\u00e1r rohanunk is ide, hogy \u00e9lvezz\u00fck a k\u00f6rny\u00e9k semmihez sem hasonl\u00edthat\u00f3 var\u00e1zs\u00e1t. Vagy, ha m\u00e9gsem, akkor [&hellip;]<\/p>\n","protected":false},"author":1,"featured_media":0,"parent":0,"menu_order":0,"comment_status":"closed","ping_status":"closed","template":"","meta":{"inline_featured_image":false,"footnotes":""},"class_list":["post-433","page","type-page","status-publish","hentry"],"_links":{"self":[{"href":"https:\/\/mandilla.hu\/index.php\/wp-json\/wp\/v2\/pages\/433","targetHints":{"allow":["GET"]}}],"collection":[{"href":"https:\/\/mandilla.hu\/index.php\/wp-json\/wp\/v2\/pages"}],"about":[{"href":"https:\/\/mandilla.hu\/index.php\/wp-json\/wp\/v2\/types\/page"}],"author":[{"embeddable":true,"href":"https:\/\/mandilla.hu\/index.php\/wp-json\/wp\/v2\/users\/1"}],"replies":[{"embeddable":true,"href":"https:\/\/mandilla.hu\/index.php\/wp-json\/wp\/v2\/comments?post=433"}],"version-history":[{"count":47,"href":"https:\/\/mandilla.hu\/index.php\/wp-json\/wp\/v2\/pages\/433\/revisions"}],"predecessor-version":[{"id":3891,"href":"https:\/\/mandilla.hu\/index.php\/wp-json\/wp\/v2\/pages\/433\/revisions\/3891"}],"wp:attachment":[{"href":"https:\/\/mandilla.hu\/index.php\/wp-json\/wp\/v2\/media?parent=433"}],"curies":[{"name":"wp","href":"https:\/\/api.w.org\/{rel}","templated":true}]}}

Rólunk

<p>[vc_row][vc_column width=&#8221;1/2&#8243; css=&#8221;.vc_custom_1467360650255{margin-top: 10px !important;margin-bottom: 10px !important;padding-top: 0px !important;padding-right: 40px !important;}&#8221;]<div style="background-color:; height: 10px;" class="nicdark_section  "></div> <h1 style="color:#242424; padding:px; text-align:right; font-size:35px; line-height:50px; letter-spacing: px; font-weight:normal;" class="  nd_options_text_align_center_responsive_important nd_options_first_font ">Helló.</h1> <div style="background-color:; height: 10px;" class="nicdark_section  "></div> <h3 style="color:#242424; padding:px; text-align:right; font-size:20px; line-height:24px; letter-spacing: px; font-weight:normal;" class="  nd_options_text_align_center_responsive_important nd_options_second_font ">Réka és Gábor vagyunk, férj és feleség, a Mandilla megálmodói.</h3> <div style="background-color:; height: 20px;" class="nicdark_section  "></div>[vc_column_text el_class=&#8221;nd_options_text_align_center_responsive&#8221;]Három gyermekünkkel, az ikrekkel Bebével és Bobóval, valamint kicsi lányunkkal Borókával évtizedek óta a Balaton szerelmesei vagyunk.[/vc_column_text]<div style="background-color:; height: 20px;" class="nicdark_section  "></div>[vc_column_text el_class=&#8221;nd_options_text_align_center_responsive&#8221;]Bár a munka, suli, kötelezettségek leginkább még Budapesthez kötnek, amikor tehetjük már rohanunk is ide, hogy élvezzük a környék semmihez sem hasonlítható varázsát. Vagy, ha mégsem, akkor meg télen-nyáron kalandozunk a világban.[/vc_column_text]<div style="background-color:; height: 10px;" class="nicdark_section  "></div>[/vc_column][vc_column width=&#8221;1/2&#8243; css=&#8221;.vc_custom_1467207292391{margin-top: 10px !important;margin-bottom: 10px !important;padding-top: 0px !important;}&#8221;]
    <div style="text-align:center;" class="nd_options_section">
      <img decoding="async" alt="" style="width:100%;" class=" nd_options_margin_0 nd_options_padding_0 " src="https://mandilla.hu/wp-content/uploads/2022/08/Mandilla-Csaladi-15-1024x683.jpg">
    </div>
   [/vc_column][/vc_row][vc_row css=&#8221;.vc_custom_1660811153961{padding-top: 30px !important;padding-bottom: 40px !important;}&#8221;][vc_column][vc_column_text]</p>
<p style="text-align: center;">Mindig is imádtunk utazni, felfedezni, új, izgalmas helyeken kalandozni. Utazásaink során nagyon sokféle szállodában, étteremben fordultunk meg. Előszeretettel gyűjtöttük a tapasztalatokat és figyeltünk meg mindent az apró részletekig. Fontos volt minden, az ízek, kompozíciók, a tálalás, a környezet, miliő, ami körbe vesz, a vendéglátás minősége, mindaz, ami élménnyé teheti az otthontól távol töltött időt.</p>
<p>[/vc_column_text][/vc_column][/vc_row][vc_row][vc_column width=&#8221;1/2&#8243; css=&#8221;.vc_custom_1467360650255{margin-top: 10px !important;margin-bottom: 10px !important;padding-top: 0px !important;padding-right: 40px !important;}&#8221;]
    <div style="text-align:center;" class="nd_options_section">
      <img decoding="async" alt="" style="width:100%;" class=" nd_options_margin_0 nd_options_padding_0 " src="https://mandilla.hu/wp-content/uploads/2022/08/Mandilla-Csaladi-14-1024x683.jpg">
    </div>
   [/vc_column][vc_column width=&#8221;1/2&#8243; css=&#8221;.vc_custom_1467207292391{margin-top: 10px !important;margin-bottom: 10px !important;padding-top: 0px !important;}&#8221;]<div style="background-color:; height: 10px;" class="nicdark_section  "></div>[vc_column_text el_class=&#8221;nd_options_text_align_center_responsive&#8221;]Az évek során tapasztaltak aztán szép lassan formálódtak és letisztultak bennünk, és nagyjából meg tudtuk fogalmazni, hogy számunkra mit jelent a jó vendéglátás. Arra azonban álmunkban sem gondoltunk, hogy ez egyszer ennél több is lesz és tettekre sarkall minket.[/vc_column_text]<div style="background-color:; height: 20px;" class="nicdark_section  "></div>[vc_column_text el_class=&#8221;nd_options_text_align_center_responsive&#8221;]A Covid begyűrűzésekor aztán sok minden változott. Ahogy lehetett rohantunk a nyaralóba és el a városból, így jóval több idő jutott az imádott Balatonunkra is. Autóval, biciklivel, gyalog keresztül-kasul bejártuk a Káli-medence gyönyörű vidékét és vendégeskedtünk a környéken található jobbnál jobb helyeken.[/vc_column_text]<div style="background-color:; height: 20px;" class="nicdark_section  "></div>[vc_column_text el_class=&#8221;nd_options_text_align_center_responsive&#8221;]Szuper élményekben volt részünk, végleg beleszerettünk e mesés vidékbe. Azt éreztük, hogy szeretnénk gyökeret ereszteni itt, ide tartozni, itt élni és talán az álmainkból is megvalósítani valamit.[/vc_column_text]<div style="background-color:; height: 10px;" class="nicdark_section  "></div>[/vc_column][/vc_row][vc_row css=&#8221;.vc_custom_1660811153961{padding-top: 30px !important;padding-bottom: 40px !important;}&#8221;][vc_column][vc_column_text]Már csak össze kellett kötni a pontokat és kimondani magunknak, hogy belevágunk és csinálunk egy olyan helyet a Balaton közelében, ahol mi, a barátaink és a leendő barátaink is otthon érezhetik magukat. Hosszas kutatás, keresgélés után egy véletlen folytán találtunk rá a Mandilla kopott, régi épületére, melyről mindketten éreztük, hogy &#8230;[/vc_column_text]<div style="background-color:; height: 20px;" class="nicdark_section  "></div> <h3 style="color:#242424; padding:px; text-align:; font-size:30px; line-height:30px; letter-spacing: px; font-weight:normal;" class="  nd_options_text_align_center_responsive_important nd_options_first_font ">... ezt kerestük, EZ AZ A HELY.</h3> [/vc_column][/vc_row][vc_row][vc_column width=&#8221;1/2&#8243;]
    <div style="text-align:center;" class="nd_options_section">
      <img decoding="async" alt="" style="width:100%;" class=" nd_options_margin_0 nd_options_padding_0 " src="https://mandilla.hu/wp-content/uploads/2022/08/Mandilla-dron-regi-1-1024x621.jpg">
    </div>
   <div style="background-color:; height: 10px;" class="nicdark_section  "></div>[/vc_column][vc_column width=&#8221;1/2&#8243;]
    <div style="text-align:center;" class="nd_options_section">
      <img decoding="async" alt="" style="width:100%;" class=" nd_options_margin_0 nd_options_padding_0 " src="https://mandilla.hu/wp-content/uploads/2022/08/Mandilla-dron-uj-1-1024x621.jpg">
    </div>
   <div style="background-color:; height: 10px;" class="nicdark_section  "></div>[/vc_column][/vc_row][vc_row css=&#8221;.vc_custom_1660811153961{padding-top: 30px !important;padding-bottom: 40px !important;}&#8221;][vc_column][vc_column_text]Lecsaptunk hát a kínálkozó alkalomra és belevágtunk életünk egyik eddigi legnagyobb vállalkozásába. Miután megállapodtunk Marika nénivel, a korábbi tulajdonossal, szinte minden magától értetődő volt, a kivitelezést nem előzte meg hosszas tervezés és töprengés, gyorsan belevágtunk. A régi épületek és a ház adottságai meghatározták a kereteket, melyet „csak” meg kellett töltenünk a víziónkkal. Szinte egy pillanat alatt töltötték be a teret az álmaink, így kicsit kevesebb, mint másfél évnyi munkával létrejött a Mandilla. A hely, amibe belesűrítettünk szinte mindent abból, amit mi a jó vendéglátásról gondolunk és ahol reméljük, hogy vendégeink is megtalálják mindazt, amiért utazni érdemes.[/vc_column_text]<div style="background-color:; height: 20px;" class="nicdark_section  "></div>[vc_column_text]Minőségi mediterrán konyhával, különleges italkínálattal, gondos munkatársakkal és kompromisszumok nélküli kényelemmel várjuk Önöket névadó öreg mandulafáink árnyékába!<span class="Apple-converted-space"> </span>[/vc_column_text]
    <div style="text-align:right;" class="nd_options_section">
      <img decoding="async" alt="" style="width:400px;" class=" nd_options_margin_0 nd_options_padding_0 " src="https://mandilla.hu/wp-content/uploads/2022/08/Alairas.png">
    </div>
   <div style="background-color:; height: 20px;" class="nicdark_section  "></div>
	<div class="nd_options_section nd_options_text_align_center">
	<a style="border: px solid ; border-radius:px; letter-spacing:px; line-height:px; font-size:px; background-color:#75645c; padding:10px 20px; margin:; color:#ffffff;" rel=""  href="https://book.mandilla.hu/foglalas/kereses" class="nicdark_display_inline_block  nd_options_font_weight_normal  light--hover ">ÁRKALKULÁCIÓ & FOGLALÁS</a>
	</div>
[/vc_column][/vc_row]</p>

<p>[vc_row][vc_column width=&#8221;1/2&#8243; css=&#8221;.vc_custom_1467360650255{margin-top: 10px !important;margin-bottom: 10px !important;padding-top: 0px !important;padding-right: 40px !important;}&#8221;][vc_column_text el_class=&#8221;nd_options_text_align_center_responsive&#8221;]Három gyermekünkkel, az ikrekkel Bebével és Bobóval, valamint kicsi lányunkkal Borókával évtizedek óta a Balaton szerelmesei vagyunk.[/vc_column_text][vc_column_text el_class=&#8221;nd_options_text_align_center_responsive&#8221;]Bár a munka, suli, kötelezettségek leginkább még Budapesthez kötnek, amikor tehetjük már rohanunk is ide, hogy élvezzük a környék semmihez sem hasonlítható varázsát. Vagy, ha mégsem, akkor [&hellip;]</p>
