{"id":4502,"date":"2025-08-23T18:37:59","date_gmt":"2025-08-23T18:37:59","guid":{"rendered":"https:\/\/mandilla.hu\/?page_id=4502"},"modified":"2025-09-15T08:48:11","modified_gmt":"2025-09-15T08:48:11","slug":"karrier","status":"publish","type":"page","link":"https:\/\/mandilla.hu\/index.php\/karrier\/","title":{"rendered":"Karrier"},"content":{"rendered":"<p>[vc_row][vc_column][vc_column_text]\u00c1ll\u00e1slehet\u0151s\u00e9gek a Mandill\u00e1ban[\/vc_column_text][vc_empty_space height=&#8221;20px&#8221;][\/vc_column][\/vc_row][vc_row][vc_column width=&#8221;1\/3&#8243;][vc_single_image image=&#8221;4519&#8243; img_size=&#8221;medium&#8221;][vc_empty_space height=&#8221;25px&#8221;][vc_btn title=&#8221;Felszolg\u00e1l\u00f3 \u00e1ll\u00e1s&#8221; color=&#8221;chino&#8221; link=&#8221;url:https%3A%2F%2Fmandilla.hu%2Findex.php%2Fkarrier%2Ffelszolgalo-allas%2F|title:Felszolg%C3%A1l%C3%B3%20%C3%A1ll%C3%A1s&#8221;][\/vc_column][vc_column width=&#8221;1\/3&#8243;][\/vc_column][vc_column width=&#8221;1\/3&#8243;][\/vc_column][\/vc_row]<\/p>\n","protected":false},"excerpt":{"rendered":"<p>[vc_row][vc_column][vc_column_text]\u00c1ll\u00e1slehet\u0151s\u00e9gek a Mandill\u00e1ban[\/vc_column_text][vc_empty_space height=&#8221;20px&#8221;][\/vc_column][\/vc_row][vc_row][vc_column width=&#8221;1\/3&#8243;][vc_single_image image=&#8221;4519&#8243; img_size=&#8221;medium&#8221;][vc_empty_space height=&#8221;25px&#8221;][vc_btn title=&#8221;Felszolg\u00e1l\u00f3 \u00e1ll\u00e1s&#8221; color=&#8221;chino&#8221; link=&#8221;url:https%3A%2F%2Fmandilla.hu%2Findex.php%2Fkarrier%2Ffelszolgalo-allas%2F|title:Felszolg%C3%A1l%C3%B3%20%C3%A1ll%C3%A1s&#8221;][\/vc_column][vc_column width=&#8221;1\/3&#8243;][\/vc_column][vc_column width=&#8221;1\/3&#8243;][\/vc_column][\/vc_row]<\/p>\n","protected":false},"author":1,"featured_media":0,"parent":0,"menu_order":0,"comment_status":"closed","ping_status":"closed","template":"","meta":{"inline_featured_image":false,"footnotes":""},"class_list":["post-4502","page","type-page","status-publish","hentry"],"_links":{"self":[{"href":"https:\/\/mandilla.hu\/index.php\/wp-json\/wp\/v2\/pages\/4502","targetHints":{"allow":["GET"]}}],"collection":[{"href":"https:\/\/mandilla.hu\/index.php\/wp-json\/wp\/v2\/pages"}],"about":[{"href":"https:\/\/mandilla.hu\/index.php\/wp-json\/wp\/v2\/types\/page"}],"author":[{"embeddable":true,"href":"https:\/\/mandilla.hu\/index.php\/wp-json\/wp\/v2\/users\/1"}],"replies":[{"embeddable":true,"href":"https:\/\/mandilla.hu\/index.php\/wp-json\/wp\/v2\/comments?post=4502"}],"version-history":[{"count":8,"href":"https:\/\/mandilla.hu\/index.php\/wp-json\/wp\/v2\/pages\/4502\/revisions"}],"predecessor-version":[{"id":4530,"href":"https:\/\/mandilla.hu\/index.php\/wp-json\/wp\/v2\/pages\/4502\/revisions\/4530"}],"wp:attachment":[{"href":"https:\/\/mandilla.hu\/index.php\/wp-json\/wp\/v2\/media?parent=4502"}],"curies":[{"name":"wp","href":"https:\/\/api.w.org\/{rel}","templated":true}]}}